 the highest common factor of 68 and k.
17
Suppose 4*k + 35 = 11. Let r = k + 14. Let l(c) = -c**2 - 14*c - 13. Let p be l(-9). Calculate the greatest common factor of r and p.
8
Let g be 78/429 + 590/22. What is the highest common divisor of g and 36?
9
Let i = -37 + 49. Let d = -1 + i. Let s = d + -8. What is the highest common factor of s and 12?
3
Suppose 2 - 41 = -v. Let b(r) = 21*r - 499. Let a be b(25). Calculate the highest common divisor of v and a.
13
Suppose -36*k - 325 = -41*k. Let q be 52/(-10)*15/(-3). Calculate the greatest common divisor of q and k.
13
Let h(i) = -i**3 + 7*i**2 + 12*i - 6. Suppose -32 = -5*u + u. Let f be h(u). What is the highest common divisor of 13 and f?
13
Let b = -142 - -126. Let y be (b/64)/(1/(-28)). What is the highest common divisor of y and 77?
7
Let o be (10 + 0)*99/22. Calculate the greatest common factor of 10 and o.
5
Let r = 131 + -55. What is the greatest common divisor of 1102 and r?
38
Let w be (24/30)/((-6)/285). Let k = 25 + 37. Let i = k + w. Calculate the greatest common divisor of 12 and i.
12
Suppose 122*g + 8715 = 5*a + 119*g, 2*a - 3486 = -4*g. What is the highest common divisor of 21 and a?
21
Let d = 24 - -48. Suppose -4*p + 0*p - 5*k = 24, p + 6 = 5*k. Let b = 15 + p. Calculate the highest common divisor of d and b.
9
Suppose -13*o + 10 = -11*o. Suppose -4*a + 107 = -o*i, 3*a + a - 86 = -2*i. Calculate the highest common factor of a and 115.
23
Let p = -100 + 140. Let h be p/220 - 590/(-22). What is the highest common factor of 27 and h?
27
Let f be 58/14 + 22/(-154) + 547. Calculate the highest common factor of 58 and f.
29
Let t(r) = -r**3 + 11*r**2 - r + 16. Let o be t(11). Suppose 4*g - o*g + 12 = 3*b, 5*g - 2*b = 9. What is the highest common factor of g and 15?
3
Suppose 15 = -5*s + 10. Let l be 117 + s - (4 - 8). What is the highest common factor of 24 and l?
24
Suppose 16*u - 2 = 14*u - 2*q, 10 = 3*u - 4*q. Calculate the highest common factor of 18 and u.
2
Let p = -131 - -203. Let k(s) = 6*s + 3*s + 1 + 8*s. Let l be k(1). What is the highest common divisor of l and p?
18
Let z(y) = -6*y**3 + y**2 + 4*y + 4. Suppose -5*m = -u - 0*m + 3, 2*u + 5*m + 9 = 0. Let v be z(u). Calculate the highest common factor of v and 8.
8
Let t = -19 - -19. Let o = t + -6. Let z = 7 + o. What is the highest common factor of z and 7?
1
Suppose -5*x = 4*j - 7026, 8*x + 4214 = 11*x + 4*j. Calculate the highest common divisor of x and 38.
38
Let v(i) = 3*i - 10. Let m be v(5). Suppose 0 = m*t - 4*y + y - 58, 4*y = -4. What is the greatest common divisor of 22 and t?
11
Suppose 3 = 2*t + 17. Let k = t - -10. Suppose 0 = 5*b - k*b - 5*i - 25, -b + 20 = -i. Calculate the highest common factor of b and 75.
25
Let j = 28 + -4. What is the greatest common divisor of j and 6?
6
Let i(a) = -2*a**3 + 8*a**2 + 6*a - 8. Let g be i(4). Let p be (g/24)/((-2)/(-297)). What is the greatest common divisor of p and 11?
11
Let d(w) = 5*w - 1. Let a(h) = -2 + 2*h - 6 - 1. Let q be a(7). Let o be d(q). What is the highest common divisor of o and 12?
12
Let j be 69/(-1)*(-9 - -7). What is the greatest common divisor of 46 and j?
46
Let a(b) = -b - 1. Let k be a(-4). Suppose z - k = 8. Calculate the greatest common factor of 33 and z.
11
Let c be 39/4 + (-2)/(-8). Let w = -4993 - -5063. What is the greatest common factor of w and c?
10
Let r(l) = l**2 + 11*l + 15. Let k be r(-10). Let g = k + 14. What is the greatest common divisor of 38 and g?
19
Let v = 7 + -6. Let x = -6 - v. Let u(l) = -l**3 - 7*l**2 - 2*l - 10. Let k be u(x). What is the greatest common divisor of k and 32?
4
Suppose -z + 38*d - 36*d + 488 = 0, 0 = -4*z - 4*d + 2000. Calculate the highest common divisor of z and 31.
31
Let z be (35/2)/((-35)/(-70)). What is the highest common divisor of 28 and z?
7
Let i(d) = -3*d**3 + 2*d + 1. Let y be i(-1). Suppose 0 = y*b + b - 18. What is the greatest common factor of b and 102?
6
Suppose -q + 5*q = -312. Let m = 123 + q. Suppose 6 = 2*v - 12. Calculate the greatest common factor of m and v.
9
Suppose 0*g = -3*g + 6. Suppose g*r + 4 = 0, 4*h = -4*r - 0*r + 76. Let t(f) = 85*f**2 - 2*f + 1. Let s be t(1). Calculate the highest common factor of s and h.
21
Let v = -7 + 25. Let x = 131 - -31. Calculate the greatest common factor of x and v.
18
Suppose 89 + 40 = 3*n. Suppose -5*f = -22 - n. Calculate the greatest common factor of 91 and f.
13
Let y(c) = c**2 + 3*c + 26. Let t be (3 + -3)/(1 - -1). Let v be y(t). Calculate the highest common divisor of 286 and v.
26
Suppose z - 43 = -10. Let t = 27 - 46. Let a = 30 + t. Calculate the highest common divisor of a and z.
11
Let p be 42*(1/2 + 1). Suppose -2*f + 81 = -2*o - 3*f, -117 = 3*o + 3*f. Let k be -3 + (-86)/(-8) + o/56. What is the highest common divisor of k and p?
7
Let g = -18 + 53. Let v = 51 - g. What is the greatest common factor of v and 128?
16
Let o(u) = 5*u**2 - 5*u - 15. Let p be o(-3). Calculate the greatest common divisor of p and 5.
5
Let k(x) be the second derivative of 5/2*x**2 + 0 - 8*x + 1/3*x**3. Let r be k(4). Calculate the greatest common factor of 13 and r.
13
Let b(g) = -2*g**3 + 88*g - 6. Let p be b(-7). What is the highest common factor of p and 272?
16
Let c be 72/15 - 3/(-30)*2. Suppose -k - 2*k + 6 = 0. Let v be (-10)/(-2) - 0/k. Calculate the greatest common factor of c and v.
5
Let w(o) = -5*o - 170. Let z be w(-58). Calculate the greatest common factor of 408 and z.
24
Let x = 57 - 56. Let n be (-2148)/(-18) - (x/3 + -1). What is the highest common divisor of 30 and n?
30
Let k(v) = v**3 + 60*v**2 - 3*v - 176. Let t be k(-60). Calculate the greatest common divisor of t and 76.
4
Let o(i) = i**2 - 16*i + 22. Let t(k) = 6*k**2 + 4*k - 1. Let h be t(-2). Let a be o(h). Calculate the greatest common factor of 14 and a.
7
Let h = -252 - -337. Calculate the greatest common factor of 5 and h.
5
Let i(q) = -q**2 + 12*q - 12. Let j be i(9). What is the highest common factor of 24 and j?
3
Suppose 2*g + 0 = 5*c - 5, -g + 14 = 3*c. Suppose -a + 15 = -g*l, -a - a = l + 3. Let x be (l + 11/3)*12. What is the greatest common divisor of 1 and x?
1
Let n(y) = 2*y**2 - y - 2. Let d be n(2). Suppose 0 = d*w + 31 - 7. Let u be 220/6 - (-4)/w. What is the highest common factor of 54 and u?
18
Let d(n) = n**3 - 6*n**2 - 22*n + 27. Let a be d(10). Calculate the highest common factor of 18 and a.
9
Let c(u) be the first derivative of -u**2 - 50*u - 20. Let x be c(-30). Let v = 1 + 1. What is the greatest common divisor of x and v?
2
Suppose -5*h + 357 + 283 = 0. Calculate the highest common divisor of 8 and h.
8
Let u = -103 + 283. What is the highest common factor of 36 and u?
36
Let v(p) = -11*p + 4*p + 6*p + 17 + 8*p. Let s be v(5). What is the greatest common factor of 39 and s?
13
Let f(t) = -t**2 - 21*t + 36. Let k be f(-22). Let s be (3 - k/4)*-1*4. Calculate the greatest common divisor of s and 1.
1
Let v be ((-14)/6)/(1/(-3)). Suppose 0 = 17*i - 419 + 300. What is the highest common divisor of i and v?
7
Let k = 1018 - 973. What is the highest common divisor of k and 115?
5
Let w be (-7)/(6 + 230/(-36)). What is the greatest common divisor of 288 and w?
18
Suppose -75*i + 25533 = 4083. Calculate the highest common factor of 88 and i.
22
Suppose -2*j + 43 = -h + 15, -28 = -2*j + 4*h. Suppose 368*m = 352*m + 2464. What is the highest common factor of j and m?
14
Let d be (21/63)/(1520/1518 - 1). Let u = 27 + -15. Let j = u + 11. What is the highest common factor of d and j?
23
Let i = -3 + 5. Suppose 5*s = -i*m + 481, 2*s + 2*m - 7*m = 175. Suppose y - 78 = -4*b, 5*y + 20 + 8 = 2*b. Calculate the highest common divisor of b and s.
19
Let m = 489 + -364. What is the greatest common divisor of m and 175?
25
Let b = 487 - 411. What is the greatest common factor of b and 57?
19
Let x = 1557 - 1549. Calculate the highest common divisor of 6 and x.
2
Let a(t) = -3*t**3 + 2*t**2 - 5*t - 10. Let d be a(-5). Calculate the highest common factor of 165 and d.
55
Suppose 24 = 76*s - 72*s. What is the greatest common factor of 12 and s?
6
Let a(i) = -2*i + 66. Suppose 0 = w + 4*w. Let o be a(w). Calculate the greatest common factor of o and 11.
11
Let m(c) = c**3 - 5*c**2 - c + 9. Let v be m(5). Suppose -d = 2*n - 28, 3*d - d - v = 0. Calculate the gr